(m).
1
Suppose 5*b + 9 = -4*y, 4*y = 4*b + 19 + 17. Suppose y*g = 4*l - 16 - 0, -3*l = 3*g - 42. Let c(t) = l*t**2 + 4*t**2 + 0*t**2 - 1 - 2*t - 6*t**2. Give c(-1).
8
Suppose 2*i + 23 = 2*v + 69, 5*i = -2*v + 129. Suppose -i*y = -8*y + 68. Let r(s) = -2*s**2 - 7*s - 4. Calculate r(y).
-8
Let q(u) be the first derivative of 1 - 2*u - 1/2*u**2. Let r(c) = 2*c**3 + 56*c**2 + 53*c - 32. Let g be r(-27). Give q(g).
3
Let r(j) = -4*j + 2. Suppose 2*n - 2 = n. Let y be (n/(-6)*-1)/((-4)/(-36)). What is r(y)?
-10
Let v(w) = w - 50. Let d be v(27). Let c = d + 26. Let f(i) = i**3 - 4*i**2 + 3*i - 2. Give f(c).
-2
Let q(a) be the second derivative of -a**3/6 + 2*a**2 - 3*a. Let u(t) = 4*t**2 - 34*t + 25. Let m be u(8). What is q(m)?
-5
Suppose 0 = -5*f - 1 + 6. Let s(n) = 39*n**2 - 2*n + 1. Calculate s(f).
38
Let p be (4/(-2))/((-5)/((-60)/(-8))). Let l(r) be the second derivative of 1/2*r**2 - 1/6*r**p + 1/12*r**4 + 0 - 4*r - 1/20*r**5. What is l(2)?
-5
Let r(q) = -q**3 - 10*q**2 + 5*q - 1. Let l = 503 + -513. Determine r(l).
-51
Let l(j) be the first derivative of j**3 - 5*j**2/2 + 2*j - 114. What is l(4)?
30
Let u = 1059 - 1064. Let r(a) be the second derivative of a**4/12 + 4*a**3/3 + 7*a**2/2 - a. Determine r(u).
-8
Let q(c) = c**3 - 7*c**2 + 6*c. Let i = 12 + -8. Let h be 10 - 1/1*i. Suppose -7*b + 8*b = h. Give q(b).
0
Let m(y) = -y**3 + 49*y**2 + 44*y + 294. Let f be m(50). Let x(s) = 0 + 5 + s + 1. What is x(f)?
0
Suppose 3*n = n + 10. Let a be 39/15 + 2/n. Let g(f) = -14*f**2 + 5*f + 17. Let k(u) = -5*u**2 + 2*u + 6. Let y(q) = -4*g(q) + 11*k(q). Give y(a).
13
Let m(s) = 6*s**3 - 1. Let x(a) = -a**2 - 5*a + 7. Let b be x(-6). Calculate m(b).
5
Let s(c) = 8*c**3 - 2*c**2 + 2*c. Let x be s(1). Let z(u) = -10*u - 23*u**2 + 8 - 8*u**2 + 32*u**2. What is z(x)?
-8
Let y = -132 + 157. Suppose -y*l + 14*l + 11 = 0. Let i(d) = -7*d**2 + 1. Determine i(l).
-6
Let x(o) = -o + 20 - 20. Let b(z) = z**2 + 6*z + 10. Let v be b(-4). Suppose -v*j - 3*a = 28, 5*a + 36 = j - 3*j. Calculate x(j).
8
Let n(u) = -2*u**2 + u + 4. Let f(k) = -k**3 - 18*k**2 - 18*k - 15. Let y be f(-17). Let h be n(y). Let r(a) = -4*a - 3. What is r(h)?
5
Let x(z) = -z + 3. Suppose -38 = -5*m - 2*p, 4*p = 4*m - 3*m - 12. Let a(l) = l - 8. Let n be a(6). Let j be m*(4 - (-7)/n). Calculate x(j).
-1
Suppose -o = -2 + 4. Suppose 4*i = 4, 3*s - 8*s + 4*i = -1. Let b(x) = -13 - 4*x + 12 - s. What is b(o)?
6
Let m(q) be the third derivative of -q**5/60 - 5*q**4/12 - 5*q**3/2 + 406*q**2. Determine m(-9).
-6
Let q(f) = -f - 10. Let k be q(-19). Let n(g) = 7*g - g**3 - 12*g**2 - 15*g**2 - k*g**2 + 31*g**2 - 3. What is n(-6)?
-9
Let u(c) = -c - 4. Let k(w) = -5*w - 21. Let m(l) = 2*k(l) - 11*u(l). Suppose 126*n - 109*n = -51. Determine m(n).
-1
Let v(c) = -11*c + 6. Let j(p) = -4*p + 2. Let n(r) = -8*j(r) + 3*v(r). Give n(7).
-5
Suppose 6*b - 37 = 17. Let w(m) = -b - 19 - m - m + 26. What is w(6)?
-14
Let s be (-118)/(-12) - 36/(-216). Let w(n) = 54 + 50 + s*n - 91 + n**2. What is w(-9)?
4
Suppose 21 = u - 0*k - 3*k, 0 = -5*u + 4*k + 72. Let c(f) = -f + 8. Calculate c(u).
-4
Let p(h) = h**2 + 7*h - 6. Let o(x) = -x**3 - 8*x**2 + 10*x + 14. Let a be o(-9). Suppose -2*g - 4 = 5*q - 0*q, 0 = a*g - q + 37. Calculate p(g).
-6
Suppose -z + 5*k + 0*k + 26 = 0, 0 = 5*z + 5*k - 10. Let j(u) = u**2 - 10*u + 5. Determine j(z).
-19
Let q(k) = 11*k**2 - 14*k - 2. Let d(i) = -8*i**2 + 9*i. Let a(l) = -7*d(l) - 5*q(l). Determine a(-5).
0
Let k(w) = 14*w + 10. Let v(y) = 6*y + 4. Let h(f) = -5*k(f) + 12*v(f). Determine h(3).
4
Let i = 440 + -447. Let p(q) = q**3 + 6*q**2 - 6*q - 2. Give p(i).
-9
Let p be (4/(-18))/((-22)/198). Let v(u) = 2 - 6 - 3 + p*u + 8. Let x(z) = -z**2 + 14*z - 15. Let b be x(13). What is v(b)?
-3
Let f(y) be the second derivative of -y**5/20 + y**4/12 + y**3/3 + 2*y**2 + y. Let c = 1056 - 1053. Determine f(c).
-8
Suppose -12 = 117*g - 120*g. Let h(y) = 4*y - 6*y - 5 + 1. What is h(g)?
-12
Let l = 803 + -801. Let d(w) = -w**3 + 3*w**2 - w - 2. Calculate d(l).
0
Let r(f) = -5*f**2 + f**3 - 6*f**2 - 3*f + 0 - 2 + 7*f**2. Calculate r(5).
8
Let p(m) = -5*m**2 + 2*m - 5. Let k(b) = -4*b**2 + 2*b - 6. Let t(n) = 4*k(n) - 5*p(n). Determine t(1).
8
Let x(a) be the first derivative of a**4/4 - a**3 - 5*a**2/2 - a - 542. Suppose 0*l + 8 = 2*l. Give x(l).
-5
Let a = 40 - 45. Let m(t) = -t**2 - 1 + 1 + 5 - 5*t + 0*t**2. Give m(a).
5
Let u(o) be the third derivative of o**6/120 - o**5/12 - o**4/4 + 2*o**3/3 + 3*o**2. Suppose 45 = 16*l - 51. What is u(l)?
4
Let a(z) = -z**2 - 13*z - 17. Let v(y) = -y**2 - 14*y - 19. Let u(d) = -4*a(d) + 3*v(d). Calculate u(-9).
2
Let y(j) = -j - 1. Suppose -b - 5*d = 13, -3*d - 6 = -0*d. Let h be 8 + 1 + (0 - 0) + b. Give y(h).
-7
Let d = 18 - 13. Let t be (-15)/(-10)*8/6. Let a(z) = 7*z + 4*z**t - 2 + 0*z**2 + 5*z**3 - 6*z**3 + 0*z**3. Calculate a(d).
8
Let w(c) be the first derivative of -c**4/4 - 2*c**3 - 4*c**2 - 12*c - 379. Calculate w(-5).
3
Let b(c) be the third derivative of -c**5/60 - c**4/24 - 5*c**3/3 + 2*c**2. Suppose -7*r + 4*r + 351 = -4*z, -z = 3*r + 99. Let f = 90 + z. Give b(f).
-10
Let n be (-2)/(-10) - (6 - 378/60). Let i(u) be the second derivative of -2*u - 1/12*u**4 - 5/6*u**3 + 0 + n*u**2. Determine i(-5).
1
Suppose 4*h + 12 = -2*b, 0 = 72*b - 68*b + 2*h + 6. Let f(a) = 3*a - 11. Calculate f(b).
-11
Let l(x) = x**2 - 11*x + 4. Let o(j) = 2*j**2 + 5 - 1 + 2 - 2*j. Let w be o(2). What is l(w)?
-6
Let j(d) = 32*d - 3*d**2 + 19*d - 71*d + 19*d - 2*d**3. Let v = 4 + -6. Determine j(v).
6
Let h(f) = 9*f**3 - 3*f**2 - 3*f + 28. Let b(q) = 7*q**3 - 4*q**2 - 5*q + 26. Let u(o) = -4*b(o) + 3*h(o). Determine u(8).
4
Let h be 1 + (28/(-4) - -5). Let y(q) be the second derivative of -q**4/3 - q**3/6 - q**2/2 + 5*q. Determine y(h).
-4
Suppose -2*z = 3*z - 10. Suppose 0 = z*g - 17 - 9. Let d = -12 + g. Let k(s) = -10*s. Calculate k(d).
-10
Let r(u) = 2*u**3 - 1. Let x(p) = -7*p + 7 + p**2 + 1 - 1. Let h be x(6). What is r(h)?
1
Let y(i) be the second derivative of -7/12*i**4 - 1/20*i**5 + 0 - 1/2*i**3 + 3*i**2 - 2*i. Give y(-6).
-12
Let k(v) = 4 + 16895*v**2 + 0 - 16900*v**2 + 0. Give k(3).
-41
Let s(r) be the first derivative of 3*r**2/2 + r - 2. Let l be s(-2). Let n(k) be the second derivative of -k**3/3 - 7*k**2/2 + 6*k + 17. Give n(l).
3
Let a(f) = -f + 11. Let y(h) = h**2 - h - 25. Let g be y(6). Determine a(g).
6
Let i(n) = n**3 - 3*n + 3. Let w be (-4)/14 - 138/(-42). Let h be i(w). Suppose -3*k - h = -0*k. Let f(v) = -v**2 - 7*v + 4. Give f(k).
4
Let k(y) be the third derivative of -y**4/24 + y**3 - y**2. Let d(r) = -7*r - 146. Let n be d(-22). Determine k(n).
-2
Suppose 0 = 3*t + 5*t + 96. Let r(f) = -f**2 - 11*f + 16. Determine r(t).
4
Let o(h) = 5*h - 1. Let r(l) = 6*l - 2. Let j(z) = 4*o(z) - 3*r(z). Let s be (-6)/(-2)*(-40)/6. Let d = s + 14. Determine j(d).
-10
Let f(j) = j - 7. Let x(o) = o**3 + 11*o**2 - 15*o - 36. Let w be x(-12). Determine f(w).
-7
Let y be ((-5)/20)/((-2)/(-24)). Let o(x) = -3*x + 1. Give o(y).
10
Let l(b) = 2*b + 45. Let u be l(-20). Suppose 7 = 3*y - 17. Let p = y - u. Let t(j) = -2*j + 2. Determine t(p).
-4
Let n(m) = -14*m**2 - 8*m - 25. Let g(y) = -5*y**2 - 3*y - 9. Let v(a) = 11*g(a) - 4*n(a). Let h = -3 + 9. Suppose -4*q = -i + h, -i = q + q + 6. Give v(q).
7
Let u(w) = 11*w + 6. Let l(z) = 4*z + 1. Let f(n) = -3*l(n) + u(n). Suppose -5*g + 5 = -3*t - t, 5*t - 2 = -2*g. Let k = g + -1. Give f(k).
3
Let x(q) = -q**2 + 12*q - 12. Suppose 2*p = -r + 6*p + 20, -3*p = 2*r - 7. Give x(r).
20
Let v(s) = 3*s**2 - 2*s + 4. Let d = 215 + -212. What is v(d)?
25
Let q(x) = -35 + 6377*x + 20 - 29 + x**2 - 6365*x. What is q(-15)?
1
Let f(i) = -i**3 - i**2 + 5*i + 8. Let w be f(-2). Let o(u) be the third derivative of 1/2*u**3 - u**2 + 0 - 1/12*u**4 + 0*u. What is o(w)?
-1
Let k(p) be the second derivative of -p**4/12 + p**3/2 - p**2 + 380*p. Give k(2).
0
Let w(f) = -4*f**2 - 4525*f + 10 + 4526*f + 3*f**2. Calculate w(-3).
-2
Let z(q) = -2*q + 7. Let n = 15 - 13. Suppose 0 = -5*y - n*t - 0*t - 306, -15 = 5*t. Let l be (-292)/y - 12/(-90). Calculate z(l).
-3
Let r be (-3)/6*6 - 40. Let b = -39 - r. Let j(l) = -2*l + 5. Determine j(b).
-3
Let d(t) = t**3 + 11*t**2 - 10*t + 16. Let x be d(-12). Let b(j) be the third derivative of -